*p + 1. Give d(v).
-5
Let u(a) be the second derivative of -a**5/20 - 7*a**4/12 - 5*a**3/6 + 3*a**2/2 - 10*a. What is u(-6)?
-3
Let v(y) = 1 + 2 - 2 - 2*y - 2. Calculate v(1).
-3
Let t(x) be the second derivative of x**3/6 - 11*x**2/2 - 6*x. Calculate t(0).
-11
Let b(q) = 3*q. Let o(f) = -f**3 + 12*f**2 - 10*f - 9. Let k = 26 + -15. Let y be o(k). What is b(y)?
6
Let a = 33/2 - 16. Let m(j) be the second derivative of -j + 3*j**2 + 0 + 2/3*j**3 + 1/20*j**5 - a*j**4. What is m(5)?
1
Suppose -5*o - 2*g = -4*g - 29, o + 1 = -3*g. Let a(x) = x**2 - 7*x - 1. Give a(o).
-11
Suppose -5*d + 20 = -0*d. Let p(g) = -g**3 + 5*g**2 - 4*g + 5. Determine p(d).
5
Let k(s) be the first derivative of s**2 + s - 6. Let u = -2 - -4. Suppose -u*v + 4*v = -10. Determine k(v).
-9
Let r(w) = -8*w - 1. Suppose 1 + 1 = 2*i. Determine r(i).
-9
Let r(s) = 3*s - 13. Let t(u) = -u + 6. Let z(i) = 2*r(i) + 5*t(i). Let n be 14/(-105) + (-62)/(-15). What is z(n)?
8
Let b be 1 + -5 + 1 + -1. Let y(i) = 3*i**3 - 10*i**2 - 10*i - 9. Let n(p) = 2*p**3 - 5*p**2 - 5*p - 5. Let u(r) = -5*n(r) + 3*y(r). Give u(b).
2
Let r(b) = b - 5. Let i = 3 - 1. Suppose k = 4*n - i, 4*k + 5 + 3 = 0. Determine r(n).
-5
Let p(v) be the second derivative of -1/20*v**5 - 3/2*v**2 + 1/2*v**3 + 0 - 2*v + 1/6*v**4. Suppose 2*s - 5*s = -6. Determine p(s).
3
Let w = 29 - 33. Let p(a) = -3*a - 2. Determine p(w).
10
Suppose 2*o - 2 = o. Let c(z) be the second derivative of z**3/2 - 3*z**2/2 - 2*z. Determine c(o).
3
Let g(i) = -i**2 - 4*i + 7. Let x be g(-5). Let m(l) = -4*l**2 + 3 + 3 + 3*l**2 + 2*l**x. Give m(0).
6
Let i(o) = 11*o**2 + 2*o + 1. Let m be 4 + -2 + (-2 - 1). Determine i(m).
10
Suppose 2*w + 27 = -2*g + 3*g, -5*g = 5*w - 120. Let v = g + -23. Let y(i) = 2 + 3 - 2 - 3*i. What is y(v)?
-3
Let z(g) = 3*g + 3. Let u(r) = -1. Let b(v) = -2*u(v) - z(v). Give b(1).
-4
Let u(l) = 4*l**3 + 2*l**2 - 2. Let f(m) be the third derivative of m**6/40 + m**5/30 - m**3/6 - 2*m**2. Let g(b) = 3*f(b) - 2*u(b). Determine g(-2).
1
Let j(h) = -15*h**3 - h**2. Let a = -1 - -2. Calculate j(a).
-16
Let t(h) = -h**2 + 8*h + 10. Let x = 66 + -58. What is t(x)?
10
Let r(g) = -g**3 + g**2 + 3*g + 3. Suppose -2*i - 10 = -2*y, -6*i + 2*i = -3*y + 17. What is r(y)?
-6
Let s(c) = c**2 + 8*c - 9. Let f be s(-9). Suppose f*a = 2*a. Let m(l) = -l + a*l - 9 + 3*l - l. Give m(5).
-4
Let m(j) = j**2 - 3*j - 7. Let l(x) = x**3 + 4*x**2 - 3. Let r be l(-4). Suppose -4*d + q + 30 = -0*q, -42 = -5*d - q. Let o = r + d. Give m(o).
3
Let s be 4*((-9)/6)/(-3). Suppose 38 + s = 4*x. Let j be (1/(-1))/((-2)/x). Let l(a) = -a**2 + 5*a - 4. What is l(j)?
-4
Let g(j) = -4*j**3 + 3*j**2 - 2*j**3 - 3*j**2 - j**2. Let c(b) = b - 12. Let p be c(13). Calculate g(p).
-7
Let h(l) = 0 - 6*l - 1 + l + 4*l**2 + l**3 - 4. What is h(-5)?
-5
Let o(w) = 3*w + 6. Let t be (6/(-9))/1*-6. Suppose -t*k + m = -3*m + 8, 0 = -5*k - 3*m - 26. Give o(k).
-6
Let n(i) be the first derivative of 2*i + 1 - 1/2*i**2 + i**3 - 1/4*i**4. Give n(3).
-1
Let t = 20 + -16. Let y(z) = z + 1. Give y(t).
5
Suppose -5*g = -5*n - 35, -5*g + 4*g - 4*n = 3. Suppose -4*h = -g + 1. Let b(i) = -5*i + 1. Calculate b(h).
-4
Let q(m) be the second derivative of -m**5/20 - m**4/2 + 3*m**2 - 12*m. What is q(-6)?
6
Let b = -12 - -14. Suppose b*d - 4 = -2*f, -3*d = -5*f + 22 - 4. Let g(z) = 2*z**2 - 6*z**2 - 9*z**3 + 2*z**2 - z. Give g(d).
8
Suppose -3*w - 16 = -4*y - 4*w, -3*y + 7 = 2*w. Let q(k) = -2*k - y + 3*k**2 + 0*k + 3. Let n be 15/6*(-4)/(-5). Calculate q(n).
6
Let a = 26 + -31. Let r(o) = -1. Let k(n) = -n + 7. Let f(l) = k(l) + 5*r(l). Determine f(a).
7
Let i(r) = r**2 + 5*r + 3. Suppose 0 = 5*l - 1 - 14. Suppose l*s - 24 = 5*t + 2*s, -2*s + 3 = -t. Give i(t).
3
Suppose 6*r = 3*d + 3*r - 15, 0 = -5*r - 20. Let x be 16/(d + -5) + 0. Let b(i) be the third derivative of -i**4/24 + i**3/6 - i**2. Give b(x).
5
Let c(r) be the third derivative of -r**6/120 + 2*r**5/15 - r**4/6 - 7*r**3/6 - 19*r**2. Calculate c(7).
14
Let a(p) = -10*p + 8*p + 5*p - p**2 + 1. Calculate a(6).
-17
Let c(y) = 6*y + 2*y + 2 - 4*y + y. Let j(v) be the third derivative of v**4/24 - v**2. Let b(u) = c(u) - 4*j(u). Determine b(5).
7
Let i be (-18)/(-2) + (0 - (5 + -2)). Let z(a) = -a**2 + 4*a + 5. Give z(i).
-7
Let o(s) be the first derivative of s**3/3 - 4*s**2 + 6*s + 3. Determine o(6).
-6
Let u(i) = -i**3 + 2*i**2 - 3*i + 1. Let y be u(2). Let a = y - -9. Let z(r) = 4*r**2 + 5*r - 9. Let l(v) = v**2 - 1. Let x(s) = -5*l(s) + z(s). Calculate x(a).
0
Suppose -21 = -4*z - 5*d, -3*z = 3*d - 0*d - 15. Let v be (18/z)/(12/32). Suppose 2*j - v = -0*j. Let c(i) = 2*i - 6. What is c(j)?
6
Let v = -2 - -4. Let p(t) = -8 + t + 8 + 6*t**v. Let a be p(-1). Let n(g) = -g**2 + 3*g + 5. What is n(a)?
-5
Suppose -3*i + 2*i = -4. Let p(n) = 3*n**3 + n**2 - 3*n + 1. Let g be p(1). Let x(v) = -i*v**g + 9*v**3 - 4*v**3 + 3 - 6*v**3. Determine x(-4).
3
Let l(v) = 4 - 5*v**2 + 2*v - 4*v + v**3 + 4*v. Give l(3).
-8
Let d(h) = -6*h**3 + 2*h**2 + 3*h - 1. Let l(u) = -7*u**3 + 2*u**2 + 3*u - 1. Let n(o) = -6*d(o) + 5*l(o). Give n(3).
1
Let j be (1/(-2))/((-3)/(-18)). Let m = -3 + j. Let w(d) = -3 - 2*d - 6*d**2 + d**3 - 2*d**3 - 5. Determine w(m).
4
Let a(o) be the third derivative of 0*o**4 - 4*o**2 + 1/3*o**3 - 1/30*o**5 + 0*o + 0. Give a(-2).
-6
Suppose -u - 2 + 4 = 0. Suppose -3 = -k + u. Suppose 5 = 4*l + k*s, -3 = 4*l + 3*s - 6. Let i(f) = f**3 - f + 4. Give i(l).
4
Let r be (1/3)/((-6)/(-18)). Suppose 5*o - o = 8. Let q(g) = 2*g**2 + 2*g - 9*g**3 - 2*g**o - 1. Determine q(r).
-8
Let l be (1 + 0)/((-2)/4). Let w(s) = -5*s + 8. Suppose v - 5*x - 23 = -2*v, -3*v - x = -17. Let k(b) = -4*b + 7. Let n(i) = v*k(i) - 5*w(i). Determine n(l).
0
Let w(s) = 12 + s**3 - 4 + 2*s - 4*s**2 - 4. What is w(3)?
1
Let k be 2 + (-3 + 2)*-2. Let i(o) = -2*o + 1. Let g(m) = 2*m - 2. Let w(u) = -5*g(u) - 4*i(u). Calculate w(k).
-2
Let s be (-12)/(-30) - 36/(-10). Let l(f) be the second derivative of f**4/12 - f**3/6 - 2*f**2 - f. Calculate l(s).
8
Let h(z) = 17 - 30 + z - 2*z + 16. Determine h(8).
-5
Let y(s) = -s**2 + 9*s - 6. Let m be y(8). Let n(u) = -u**3 + 2*u**2 - 2*u - 1. What is n(m)?
-5
Let n be (4 + 1)*(1 + -2). Let a(y) = y**2 + 6*y + 1. Give a(n).
-4
Let t(w) be the first derivative of w**6/360 - w**5/120 - w**3 - 3. Let k(l) be the third derivative of t(l). Determine k(1).
0
Let r(x) = -x**2 + x + 5. Let p(k) = -k**2 + 2*k + 5. Let v(o) = 5*p(o) - 6*r(o). Let i be (-4)/(-4)*(-1 - -1). Let u be (i + 4/(-3))*3. Calculate v(u).
-5
Let b = 16 + -16. Suppose b = 3*p - 2*c - 26, p - 2*c - 18 = c. Let y(d) = -d**3 + 7*d**2 - 5*d. Give y(p).
6
Let i(q) be the second derivative of q**4/12 + 7*q**3/6 + 5*q**2/2 + 7*q. Determine i(-4).
-7
Let o(c) = c - 1. Let z(j) = 4 + j - j**2 - 2*j + 5*j. Let y be z(3). Let p(h) = -h**2 + 6*h + 7. Let n be p(y). Calculate o(n).
-1
Let k(h) = 3*h**3 - 29*h**2 - 8. Let g(a) = -a**3 + 10*a**2 + 3. Let d(y) = 17*g(y) + 6*k(y). Give d(4).
3
Let x(d) = 0*d + d - 6*d + 12 - 40. Let b(n) = 3*n + 19. Let t(w) = 8*b(w) + 5*x(w). Determine t(0).
12
Let f(x) = -2*x - 2 + 2*x**2 - 2*x**3 - x**2 - 4*x**2. Suppose 2*c = -5 + 1. Calculate f(c).
6
Let l(k) = k + 2. Let t be l(1). Let b(f) = -2 - f**2 + 3*f + t*f + 2*f**2 - f. Determine b(-4).
-6
Let v be 0/2*6/18. Suppose v = 4*g - 3*x - 13, g - 9 = 4*x + 4. Let a(u) = 10*u - 1. Give a(g).
9
Let h(d) = -3 - d + 2*d - 2*d + 11. Calculate h(5).
3
Suppose 3*j - 23*j - 120 = 0. Let d(h) = 2*h**3 - 3*h**2 + 5*h + 8. Let q(o) = o**3 + o**2 + o. Let r(g) = d(g) - 3*q(g). Give r(j).
-4
Let u(c) = c**2 - 6*c + 3. Suppose 16*i - 21*i = -10. Determine u(i).
-5
Let p(x) = 11 - x**2 + 0*x**2 + 18 - 24 + 4*x. Let c(g) = g**3 - 2. Let q be c(2). Give p(q).
-7
Suppose -5*d - 23 = -4*b - 2*d, -4*d + 16 = 4*b. Suppose b*p - 5*t - 4 = 1, 4*p + 3*t - 11 = 0. Let a(m) = 2*m**3 - 2*m**2 - m - 2. Give a(p).
4
Let l(z) = z**3 + 4*z**2 - 2*z - 3. Suppose -4*h = -7*h + 30. Let q = h + -14. Calculate l(q).
5
Let h(v) = v**2 - 3*v + 3. Let g = 6 + -3. What is h(g)?
3
Let r = 19 - 17. Suppose 2*o = -5*y - 10, -3*o = -r*y - 2*o - 4. Let q(l) = 2*l + 3. What is q(y)?
-1
Let c(k) = -6 + 5 + 5 + 3*k - 2. Suppose 3*u = -u + 8. What is c(u)?
8
Suppose 2*l - 5*q = 6*l - 6, 4*q = 2*l - 16. Let m(y) = 2*y + 2*y**2 -